 13, 29881
What are the prime factors of 118381523?
13, 17, 535663
List the prime factors of 698064445.
5, 13, 47, 83, 2753
List the prime factors of 429976920.
2, 3, 5, 17, 210773
List the prime factors of 880374005.
5, 7, 461, 54563
What are the prime factors of 24206886?
2, 3, 11, 179, 683
What are the prime factors of 695819426?
2, 193, 1802641
List the prime factors of 207356341.
207356341
List the prime factors of 263962803.
3, 13, 6768277
What are the prime factors of 178558241?
109, 1638149
List the prime factors of 33901220.
2, 5, 1695061
What are the prime factors of 670135127?
53, 12644059
What are the prime factors of 370226238?
2, 3, 17, 29, 47, 2663
What are the prime factors of 96535656?
2, 3, 7, 17, 19, 593
What are the prime factors of 5293574790?
2, 3, 5, 7, 103, 244733
What are the prime factors of 360023165?
5, 193, 349, 1069
What are the prime factors of 3200190042?
2, 3, 7, 76195001
List the prime factors of 51181582.
2, 37, 647, 1069
What are the prime factors of 314427007?
227, 1109, 1249
What are the prime factors of 850803945?
3, 5, 19, 227, 13151
List the prime factors of 3133456981.
197, 15905873
List the prime factors of 506712588.
2, 3, 42226049
What are the prime factors of 19281917?
61, 316097
List the prime factors of 44864742.
2, 3, 13, 41, 14029
List the prime factors of 102924594.
2, 3, 23531
What are the prime factors of 497312448?
2, 3, 2590169
What are the prime factors of 17078806?
2, 431, 19813
List the prime factors of 50998765.
5, 37, 275669
What are the prime factors of 2722108?
2, 17, 40031
What are the prime factors of 232174687?
109, 641, 3323
List the prime factors of 99532093.
17, 103, 56843
List the prime factors of 879172613.
11, 29, 127, 21701
List the prime factors of 8022269.
281, 28549
List the prime factors of 1492620645.
3, 5, 59, 173, 9749
List the prime factors of 7340544057.
3, 7, 11, 31777247
List the prime factors of 6662859244.
2, 1665714811
What are the prime factors of 304712760?
2, 3, 5, 11, 17, 37, 367
List the prime factors of 5818472.
2, 11, 37, 1787
List the prime factors of 286168841.
7, 37, 1104899
List the prime factors of 42648523.
42648523
What are the prime factors of 28499197?
28499197
List the prime factors of 46711760.
2, 5, 37, 43, 367
What are the prime factors of 370835766?
2, 3, 7, 73, 89, 151
List the prime factors of 206257979.
206257979
List the prime factors of 291112075.
5, 11644483
List the prime factors of 61850508.
2, 3, 5154209
List the prime factors of 527996663.
61, 73, 118571
List the prime factors of 1149122946.
2, 3, 4211, 45481
List the prime factors of 8063517496.
2, 569, 1771423
What are the prime factors of 30736260?
2, 3, 5, 18973
List the prime factors of 21229723.
3191, 6653
List the prime factors of 642548309.
13, 23, 53, 3119
What are the prime factors of 7309695687?
3, 7, 5381, 9241
What are the prime factors of 128690639?
7, 11, 151937
What are the prime factors of 12547307?
12547307
List the prime factors of 365660807.
365660807
What are the prime factors of 83828271?
3, 27942757
What are the prime factors of 34898900?
2, 5, 348989
What are the prime factors of 113344709?
19, 5965511
What are the prime factors of 239787136?
2, 1873337
List the prime factors of 36638060.
2, 5, 17, 197, 547
What are the prime factors of 119480812?
2, 11, 29, 93637
What are the prime factors of 1130167670?
2, 5, 229, 493523
List the prime factors of 13255775.
5, 13, 40787
What are the prime factors of 4999069187?
7, 714152741
What are the prime factors of 5584207?
5584207
List the prime factors of 199187596.
2, 131, 380129
List the prime factors of 304752692.
2, 31, 103, 107, 223
List the prime factors of 980367943.
8837, 110939
What are the prime factors of 3391729838?
2, 7, 37, 41, 159701
What are the prime factors of 2191411922?
2, 7, 337, 464479
What are the prime factors of 33595995?
3, 5, 17, 131749
List the prime factors of 151960361.
7, 21708623
What are the prime factors of 43771210?
2, 5, 7, 89329
What are the prime factors of 980365358?
2, 7, 29, 59, 40927
List the prime factors of 151420664.
2, 4241, 4463
List the prime factors of 2658238245.
3, 5, 13, 131, 34687
List the prime factors of 1026795183.
3, 487, 702803
List the prime factors of 1336144722.
2, 3, 11, 20244617
List the prime factors of 1153063426.
2, 576531713
What are the prime factors of 213680545?
5, 13, 43, 89, 859
List the prime factors of 980466916.
2, 11, 13, 29, 59107
What are the prime factors of 4702946506?
2, 211, 1097, 10159
What are the prime factors of 43908273?
3, 4878697
What are the prime factors of 82186636?
2, 7, 17, 23, 7507
What are the prime factors of 2876609345?
5, 251, 2292119
What are the prime factors of 332838095?
5, 7937, 8387
List the prime factors of 6518354730.
2, 3, 5, 217278491
What are the prime factors of 3327498494?
2, 27427, 60661
List the prime factors of 27189274.
2, 7, 1942091
What are the prime factors of 88284852?
2, 3, 2452357
What are the prime factors of 20257279?
7, 2893897
What are the prime factors of 734924854?
2, 367462427
List the prime factors of 249324557.
401, 621757
What are the prime factors of 163050422?
2, 81525211
List the prime factors of 7456008745.
5, 191, 7807339
List the prime factors of 205732159.
109, 1887451
What are the prime factors of 36171292?
2, 61, 148243
What are the prime factors of 339871806?
2, 3, 3469, 5443
What are the prime factors of 4068872996?
2, 61, 16675709
List the prime factors of 1815861746.
2, 17377, 52249
List the prime factors of 4833117460.
2, 5, 241655873
What are the prime factors of 84989153?
109, 149, 5233
What are the prime factors of 71633006?
2, 4663, 7681
What are the prime factors of 113414898?
2, 3, 18902483
List the prime factors of 47350771.
13, 419, 8693
What are the prime factors of 107586287?
107586287
List the prime factors of 991209138.
2, 3, 19, 157, 55381
What are the prime factors of 5538640230?
2, 3, 5, 79, 778993
List the prime factors of 5992999396.
2, 83, 941, 19183
What are the prime factors of 238859402?
2, 31, 421, 9151
List the prime factors of 1130352129.
3, 433, 290057
What are the prime factors of 332983983?
3, 110994661
List the prime factors of 950170684.
2, 67, 163, 21751
What are the prime factors of 925876381?
787, 1176463
List the prime factors of 11378852.
2, 2844713
What are the prime factors of 3164029809?
3, 1054676603
List the prime factors of 1791830.
2, 5, 59, 3037
What are the prime factors of 117817700?
2, 5, 7, 11, 13, 107
What are the prime factors of 820064161?
7, 79, 1482937
List the prime factors of 95564321.
95564321
List the prime factors of 894612951.
3, 33133813
What are the prime factors of 953610381?
3, 35318903
List the prime factors of 1053331954.
2, 233, 2260369
List the prime factors of 139551734.
2, 7, 547, 18223
List the prime factors of 69268959.
3, 599, 4283
List the prime factors of 1476281.
19, 77699
List the prime factors of 4367437646.
2, 11, 13, 431, 3221
List the prime factors of 282653377.
282653377
List the prime factors of 407741621.
7, 491, 118633
What are the prime factors of 17332645?
5, 11, 28649
List the prime factors of 7956147942.
2, 3, 101, 241, 6053
What are the prime factors of 182857744?
2, 11428609
List the prime factors of 744700817.
7, 31, 83, 173, 239
What are the prime factors of 21265163?
31, 685973
What are the prime factors of 170544927?
3, 7, 1031, 7877
What are the prime factors of 15084696?
2, 3, 11, 57139
What are the prime factors of 74194909?
43, 1725463
What are the prime factors of 352363085?
5, 70472617
What are the prime factors of 282486876?
2, 3, 7, 137, 24547
List the prime factors of 40001665.
5, 11, 61, 11923
List the prime factors of 224362779.
3, 31, 457, 5279
List the prime factors of 148126105.
5, 1373, 21577
List the prime factors of 531288758.
2, 7, 11, 13, 29, 9151
List the prime factors of 135038581.
135038581
List the prime factors of 168160239.
3, 13, 137, 269
List the prime factors of 359914166.
2, 23, 7824221
List the prime factors of 648378168.
2, 3, 167, 161771
List the prime factors of 1087389404.
2, 271847351
List the prime factors of 87538288.
2, 937, 5839
List the prime factors of 76766636.
2, 761, 25219
What are the prime factors of 348350461?
1867, 186583
What a